{"id":59,"date":"2025-03-07T11:56:44","date_gmt":"2025-03-07T10:56:44","guid":{"rendered":"https:\/\/villalecce.it\/?page_id=59"},"modified":"2025-07-06T11:09:02","modified_gmt":"2025-07-06T10:09:02","slug":"benvenuto","status":"publish","type":"page","link":"https:\/\/villalecce.it\/?page_id=59&lang=it","title":{"rendered":"Benvenuto (ITA)"},"content":{"rendered":"\n<div class=\"wp-block-group alignfull has-global-padding is-layout-constrained wp-container-core-group-is-layout-490fa1db wp-block-group-is-layout-constrained\" style=\"padding-top:var(--wp--preset--spacing--50);padding-right:var(--wp--preset--spacing--50);padding-bottom:var(--wp--preset--spacing--50);padding-left:var(--wp--preset--spacing--50)\">\n<div class=\"wp-block-group has-global-padding is-layout-constrained wp-container-core-group-is-layout-650790e1 wp-block-group-is-layout-constrained\">\n<h1 class=\"wp-block-heading has-text-align-center has-x-large-font-size\">Benvenuto nel nostro Bed &amp; Breakfast<\/h1>\n\n\n\n<div class=\"wp-block-spacer\" style=\"height: 1.25rem;\" aria-hidden=\"true\">\u00a0<\/div>\n\n\n\n<p class=\"has-text-align-center\">Villa Lecce nel centro della Puglia.<\/p>\n\n\n\n<div class=\"wp-block-spacer\" style=\"height: 1.25rem;\" aria-hidden=\"true\">\u00a0<\/div>\n\n\n\n<div class=\"wp-block-buttons is-content-justification-center is-layout-flex wp-container-core-buttons-is-layout-a89b3969 wp-block-buttons-is-layout-flex\">\n<div class=\"wp-block-button\"><a class=\"wp-block-button__link wp-element-button\" href=\"https:\/\/villalecce.it\/?page_id=225&amp;lang=it\">Prenota<\/a><\/div>\n<\/div>\n<\/div>\n\n\n\n<div class=\"wp-block-spacer\" style=\"height: var(--wp--preset--spacing--30);\" aria-hidden=\"true\">\u00a0<\/div>\n\n\n\n<figure class=\"wp-block-image alignwide size-full is-style-rounded is-style-rounded--1\"><img loading=\"lazy\" decoding=\"async\" width=\"2560\" height=\"1416\" src=\"https:\/\/villalecce.it\/wp-content\/uploads\/2025\/03\/Vooraanzicht.jpeg\" alt=\"\" class=\"wp-image-24\" srcset=\"https:\/\/villalecce.it\/wp-content\/uploads\/2025\/03\/Vooraanzicht.jpeg 2560w, https:\/\/villalecce.it\/wp-content\/uploads\/2025\/03\/Vooraanzicht-300x166.jpeg 300w, https:\/\/villalecce.it\/wp-content\/uploads\/2025\/03\/Vooraanzicht-1024x566.jpeg 1024w, https:\/\/villalecce.it\/wp-content\/uploads\/2025\/03\/Vooraanzicht-768x425.jpeg 768w, https:\/\/villalecce.it\/wp-content\/uploads\/2025\/03\/Vooraanzicht-1536x850.jpeg 1536w, https:\/\/villalecce.it\/wp-content\/uploads\/2025\/03\/Vooraanzicht-2048x1133.jpeg 2048w\" sizes=\"auto, (max-width: 2560px) 100vw, 2560px\" \/><\/figure>\n<\/div>\n\n\n\n<div class=\"wp-block-group alignfull has-base-2-background-color has-background has-global-padding is-layout-constrained wp-container-core-group-is-layout-669513ed wp-block-group-is-layout-constrained\" style=\"margin-top: 0; margin-bottom: 0; padding: var(--wp--preset--spacing--50);\">\n\n<div class=\"wp-block-group is-vertical is-content-justification-center is-layout-flex wp-container-core-group-is-layout-52b864f0 wp-block-group-is-layout-flex\">\n\n<h2 class=\"wp-block-heading has-text-align-center is-style-asterisk\">Non per niente la Puglia \u00e8 la vacanza ideale!<\/h2>\n\n\r\n\r\n\n<div class=\"wp-block-spacer wp-container-content-4f2ccadb\" style=\"height: 0px;\" aria-hidden=\"true\">\u00a0<\/div>\n\n\r\n\r\n\n<p class=\"has-text-align-center\"><a href=\"https:\/\/ankenpat.nl\/onze-b-b\/\" data-type=\"page\" data-id=\"187\"><strong>Il nostre B &amp; B<\/strong><\/a> si trova alla periferia della citt\u00e0 di <strong>Lecce<\/strong>, famosa per il suo Barocco. Lecce \u00e8 una bellissima citt\u00e0 in una regione fantastica. Circondato dai mari <strong>Adriatico<\/strong> e <strong>Ionio<\/strong>, clima piacevole e cibo delizioso. Vieni ad assaggiarlo tu stesso, siamo pronti per te<\/p>\n\n<\/div>\n\n\r\n\r\n\n<div class=\"wp-block-spacer\" style=\"margin-top: 0; margin-bottom: 0; height: var(--wp--preset--spacing--40);\" aria-hidden=\"true\">\u00a0<\/div>\n\n\r\n\r\n\n<div class=\"wp-block-columns alignwide is-layout-flex wp-container-core-columns-is-layout-d0bbbce0 wp-block-columns-is-layout-flex\">\n\n<div class=\"wp-block-column is-layout-flow wp-container-core-column-is-layout-e3d1c41b wp-block-column-is-layout-flow\">\n\n<h3 class=\"wp-block-heading has-text-align-left is-style-asterisk has-body-font-family has-medium-font-size\" style=\"font-style: normal; font-weight: 600;\">Il nostre B &amp; B<\/h3>\n\n\r\n\r\n\n<p class=\"has-text-align-left\"><strong>Camere lussuose<\/strong> con una <strong>deliziosa<\/strong> colazione. Contattaci direttamente:<\/p>\n\n\r\n\r\n\n<p class=\"has-text-align-left\">\u00a0<\/p>\n\n<\/div>\n\n\r\n\r\n\n<div class=\"wp-block-column is-layout-flow wp-container-core-column-is-layout-e3d1c41b wp-block-column-is-layout-flow\">\n\n<h3 class=\"wp-block-heading has-text-align-left is-style-asterisk has-body-font-family has-medium-font-size\" style=\"font-style: normal; font-weight: 600;\">Camere di lusso<\/h3>\n\n\r\n\r\n\n<p class=\"has-text-align-left\"><strong>Tutte le nostre camere<\/strong> sono dotate di <strong>bagno privato<\/strong>, aria condizionata e balcone. Abbiamo la <strong>nostra piscina<\/strong> e un ampio parcheggio chiuso.<\/p>\n\n<\/div>\n\n\r\n\r\n\n<div class=\"wp-block-column is-layout-flow wp-container-core-column-is-layout-e3d1c41b wp-block-column-is-layout-flow\">\n\n<h3 class=\"wp-block-heading has-text-align-left is-style-asterisk has-body-font-family has-medium-font-size\" style=\"font-style: normal; font-weight: 600;\">Chi siamo noi<\/h3>\n\n\r\n\r\n\n<p class=\"has-text-align-left\">Anke e Patick da Paesi Bassi. Viviamo qui ormai da un po&#8217;. Per i nostri suggerimenti, fai clic qui per un&#8217;impressione.<\/p>\n\n<\/div>\n\n<\/div>\n\n<\/div>\n\n\n\n<div class=\"wp-block-group alignfull has-global-padding is-layout-constrained wp-container-core-group-is-layout-d89aad35 wp-block-group-is-layout-constrained\" style=\"margin-top: 0; margin-bottom: 0; padding: var(--wp--preset--spacing--50);\">\n\n<div class=\"wp-block-group alignwide has-global-padding is-layout-constrained wp-container-core-group-is-layout-19e250f3 wp-block-group-is-layout-constrained\">\n\n<div class=\"wp-block-group is-vertical is-content-justification-center is-layout-flex wp-container-core-group-is-layout-6329a8f3 wp-block-group-is-layout-flex\">\n\n<h2 class=\"wp-block-heading has-text-align-center is-style-asterisk\">Vivrai una vacanza con noi.<\/h2>\n\n\r\n\r\n\n<p class=\"has-text-align-center\">Con noi ti sentirai a casa lontano dalla tua casa familiare. Faremo tutto il possibile per rendere il vostro soggiorno il pi\u00f9 piacevole e senza preoccupazioni possibile. Vieni e sperimentalo tu stesso.<\/p>\n\n<\/div>\n\n\r\n\r\n\n<div class=\"wp-block-spacer\" style=\"height: var(--wp--preset--spacing--40);\" aria-hidden=\"true\">\u00a0<\/div>\n\n\r\n\r\n\n<div class=\"wp-block-columns alignwide is-layout-flex wp-container-core-columns-is-layout-d1c656ed wp-block-columns-is-layout-flex\">\n\n<div class=\"wp-block-column is-vertically-aligned-center is-layout-flow wp-block-column-is-layout-flow\" style=\"flex-basis: 40%;\">\n\n<h3 class=\"wp-block-heading is-style-asterisk\">Vacanza in Puglia<\/h3>\n\n\r\n\r\n\n<ul class=\"wp-block-list is-style-checkmark-list\" style=\"line-height: 1.75;\">\n\n<li>Buon clima<\/li>\n\n\r\n\r\n\n<li>Bella camera con bagno privato<\/li>\n\n\r\n\r\n\n<li>Colazione deliziosa, ospitale<\/li>\n\n<\/ul>\n\n<\/div>\n\n\r\n\r\n\n<div class=\"wp-block-column is-layout-flow wp-block-column-is-layout-flow\" style=\"flex-basis: 50%;\">\n\n<figure class=\"wp-block-image size-large is-style-rounded is-style-rounded--2\"><img decoding=\"async\" src=\"https:\/\/villalecce.it\/wp-content\/uploads\/2025\/03\/Zwembad-achter-ligbedjes-300x225.jpg\" alt=\"\" \/><\/figure>\n\n<\/div>\n\n<\/div>\n\n\r\n\r\n\n<div class=\"wp-block-spacer\" style=\"height: var(--wp--preset--spacing--40);\" aria-hidden=\"true\">\u00a0<\/div>\n\n\r\n\r\n\n<div class=\"wp-block-columns alignwide is-layout-flex wp-container-core-columns-is-layout-d1c656ed wp-block-columns-is-layout-flex\">\n\n<div class=\"wp-block-column is-layout-flow wp-block-column-is-layout-flow\" style=\"flex-basis: 50%;\">\n\n<iframe loading=\"lazy\" style=\"border: 0;\" src=\"https:\/\/www.google.com\/maps\/embed?pb=!1m18!1m12!1m3!1d3040.965877001723!2d18.13805293968179!3d40.34310296426602!2m3!1f0!2f0!3f0!3m2!1i1024!2i768!4f13.1!3m3!1m2!1s0x134428cd6f5f23ab%3A0xea89b926b7555a06!2sVia%20Villa%20Bellavista%2C%204%2C%2073100%20Lecce%20LE!5e0!3m2!1snl!2sit!4v1733500536527!5m2!1snl!2sit\" width=\"300\" height=\"225\" allowfullscreen=\"allowfullscreen\"><\/iframe>\n\n<\/div>\n\n\r\n\r\n\n<div class=\"wp-block-column is-vertically-aligned-center is-layout-flow wp-block-column-is-layout-flow\" style=\"flex-basis: 40%;\">\n\n<h3 class=\"wp-block-heading is-style-asterisk\">Dove puoi trovarci?<\/h3>\n\n\r\n\r\n\n<ul class=\"wp-block-list is-style-checkmark-list\" style=\"line-height: 1.75;\">\n\n<li>Lecce (LE), Salento, Puglia<\/li>\n\n\r\n\r\n\n<li>Indirizzo: Via Villa Bellavista 4, Lecce<\/li>\n\n\r\n\r\n\n<li>Villa Lecce<\/li>\n\n<\/ul>\n\n<\/div>\n\n<\/div>\n\n<\/div>\n\n<\/div>\n\n\n\n<div class=\"wp-block-group alignfull has-base-color has-contrast-background-color has-text-color has-background has-global-padding is-layout-constrained wp-container-core-group-is-layout-ef3d885c wp-block-group-is-layout-constrained\" style=\"margin-top: 0; margin-bottom: 0; padding: var(--wp--preset--spacing--60);\">\n\n<div class=\"wp-block-group has-global-padding is-layout-constrained wp-block-group-is-layout-constrained\">\n\n<p class=\"has-text-align-center has-base-color has-text-color has-heading-font-family has-x-large-font-size\" style=\"line-height: 1.2;\"><em>\u201cUna splendida vacanza ricca di cultura e storia alternata ad una giornata di mare. Super ospitali, anche l&#8217;anno prossimo&#8221;<\/em><\/p>\n\n\r\n\r\n\n<div class=\"wp-block-spacer\" style=\"height: var(--wp--preset--spacing--10);\" aria-hidden=\"true\">\u00a0<\/div>\n\n\r\n\r\n\n<div class=\"wp-block-group is-vertical is-content-justification-center is-nowrap is-layout-flex wp-container-core-group-is-layout-2dc08cea wp-block-group-is-layout-flex\">\n\n<figure class=\"wp-block-image aligncenter size-full is-resized has-custom-border\"><img loading=\"lazy\" decoding=\"async\" width=\"150\" height=\"150\" class=\"wp-image-91\" style=\"border-radius: 100px; aspect-ratio: 1; object-fit: cover; width: 60px;\" src=\"https:\/\/villalecce.it\/wp-content\/uploads\/2025\/03\/Puglia-Pumo-150x150-1.png\" alt=\"\" \/><\/figure>\n\n\r\n\r\n\n<p class=\"has-text-align-center\" style=\"margin-top: var(--wp--preset--spacing--10); margin-bottom: 0;\">Pumo<\/p>\n\n\r\n\r\n\n<p class=\"has-text-align-center has-contrast-3-color has-text-color has-small-font-size\" style=\"font-style: normal; font-weight: 300;\">Per la prosperit\u00e0 e la felicit\u00e0<\/p>\n\n<\/div>\n\n<\/div>\n\n<\/div>\n","protected":false},"excerpt":{"rendered":"<p>Benvenuto nel nostro Bed &amp; Breakfast Villa Lecce nel centro della Puglia. Non per niente la Puglia \u00e8 la vacanza ideale! Il nostre B &amp; B si trova alla periferia della citt\u00e0 di Lecce, famosa per il suo Barocco. Lecce \u00e8 una bellissima citt\u00e0 in una regione fantastica. Circondato dai mari Adriatico e Ionio, clima [&hellip;]<\/p>\n","protected":false},"author":1,"featured_media":0,"parent":0,"menu_order":0,"comment_status":"closed","ping_status":"closed","template":"page-no-title","meta":{"footnotes":""},"class_list":["post-59","page","type-page","status-publish","hentry"],"jetpack_sharing_enabled":true,"_links":{"self":[{"href":"https:\/\/villalecce.it\/index.php?rest_route=\/wp\/v2\/pages\/59","targetHints":{"allow":["GET"]}}],"collection":[{"href":"https:\/\/villalecce.it\/index.php?rest_route=\/wp\/v2\/pages"}],"about":[{"href":"https:\/\/villalecce.it\/index.php?rest_route=\/wp\/v2\/types\/page"}],"author":[{"embeddable":true,"href":"https:\/\/villalecce.it\/index.php?rest_route=\/wp\/v2\/users\/1"}],"replies":[{"embeddable":true,"href":"https:\/\/villalecce.it\/index.php?rest_route=%2Fwp%2Fv2%2Fcomments&post=59"}],"version-history":[{"count":24,"href":"https:\/\/villalecce.it\/index.php?rest_route=\/wp\/v2\/pages\/59\/revisions"}],"predecessor-version":[{"id":255,"href":"https:\/\/villalecce.it\/index.php?rest_route=\/wp\/v2\/pages\/59\/revisions\/255"}],"wp:attachment":[{"href":"https:\/\/villalecce.it\/index.php?rest_route=%2Fwp%2Fv2%2Fmedia&parent=59"}],"curies":[{"name":"wp","href":"https:\/\/api.w.org\/{rel}","templated":true}]}}

<div class="wp-block-group alignfull has-global-padding is-layout-constrained wp-container-core-group-is-layout-490fa1db wp-block-group-is-layout-constrained" style="padding-top:var(--wp--preset--spacing--50);padding-right:var(--wp--preset--spacing--50);padding-bottom:var(--wp--preset--spacing--50);padding-left:var(--wp--preset--spacing--50)">
<div class="wp-block-group has-global-padding is-layout-constrained wp-container-core-group-is-layout-650790e1 wp-block-group-is-layout-constrained">
<h1 class="wp-block-heading has-text-align-center has-x-large-font-size">Benvenuto nel nostro Bed &amp; Breakfast</h1>



<div class="wp-block-spacer" style="height: 1.25rem;" aria-hidden="true"> </div>



<p class="has-text-align-center">Villa Lecce nel centro della Puglia.</p>



<div class="wp-block-spacer" style="height: 1.25rem;" aria-hidden="true"> </div>



<div class="wp-block-buttons is-content-justification-center is-layout-flex wp-container-core-buttons-is-layout-a89b3969 wp-block-buttons-is-layout-flex">
<div class="wp-block-button"><a class="wp-block-button__link wp-element-button" href="https://villalecce.it/?page_id=225&amp;lang=it">Prenota</a></div>
</div>
</div>



<div class="wp-block-spacer" style="height: var(--wp--preset--spacing--30);" aria-hidden="true"> </div>



<figure class="wp-block-image alignwide size-full is-style-rounded is-style-rounded--1"><img loading="lazy" decoding="async" width="2560" height="1416" src="https://villalecce.it/wp-content/uploads/2025/03/Vooraanzicht.jpeg" alt="" class="wp-image-24" srcset="https://villalecce.it/wp-content/uploads/2025/03/Vooraanzicht.jpeg 2560w, https://villalecce.it/wp-content/uploads/2025/03/Vooraanzicht-300x166.jpeg 300w, https://villalecce.it/wp-content/uploads/2025/03/Vooraanzicht-1024x566.jpeg 1024w, https://villalecce.it/wp-content/uploads/2025/03/Vooraanzicht-768x425.jpeg 768w, https://villalecce.it/wp-content/uploads/2025/03/Vooraanzicht-1536x850.jpeg 1536w, https://villalecce.it/wp-content/uploads/2025/03/Vooraanzicht-2048x1133.jpeg 2048w" sizes="auto, (max-width: 2560px) 100vw, 2560px" /></figure>
</div>



<div class="wp-block-group alignfull has-base-2-background-color has-background has-global-padding is-layout-constrained wp-container-core-group-is-layout-669513ed wp-block-group-is-layout-constrained" style="margin-top: 0; margin-bottom: 0; padding: var(--wp--preset--spacing--50);">

<div class="wp-block-group is-vertical is-content-justification-center is-layout-flex wp-container-core-group-is-layout-52b864f0 wp-block-group-is-layout-flex">

<h2 class="wp-block-heading has-text-align-center is-style-asterisk">Non per niente la Puglia è la vacanza ideale!</h2>




<div class="wp-block-spacer wp-container-content-4f2ccadb" style="height: 0px;" aria-hidden="true"> </div>




<p class="has-text-align-center"><a href="https://ankenpat.nl/onze-b-b/" data-type="page" data-id="187"><strong>Il nostre B &amp; B</strong></a> si trova alla periferia della città di <strong>Lecce</strong>, famosa per il suo Barocco. Lecce è una bellissima città in una regione fantastica. Circondato dai mari <strong>Adriatico</strong> e <strong>Ionio</strong>, clima piacevole e cibo delizioso. Vieni ad assaggiarlo tu stesso, siamo pronti per te</p>

</div>




<div class="wp-block-spacer" style="margin-top: 0; margin-bottom: 0; height: var(--wp--preset--spacing--40);" aria-hidden="true"> </div>




<div class="wp-block-columns alignwide is-layout-flex wp-container-core-columns-is-layout-d0bbbce0 wp-block-columns-is-layout-flex">

<div class="wp-block-column is-layout-flow wp-container-core-column-is-layout-e3d1c41b wp-block-column-is-layout-flow">

<h3 class="wp-block-heading has-text-align-left is-style-asterisk has-body-font-family has-medium-font-size" style="font-style: normal; font-weight: 600;">Il nostre B &amp; B</h3>




<p class="has-text-align-left"><strong>Camere lussuose</strong> con una <strong>deliziosa</strong> colazione. Contattaci direttamente:</p>




<p class="has-text-align-left"> </p>

</div>




<div class="wp-block-column is-layout-flow wp-container-core-column-is-layout-e3d1c41b wp-block-column-is-layout-flow">

<h3 class="wp-block-heading has-text-align-left is-style-asterisk has-body-font-family has-medium-font-size" style="font-style: normal; font-weight: 600;">Camere di lusso</h3>




<p class="has-text-align-left"><strong>Tutte le nostre camere</strong> sono dotate di <strong>bagno privato</strong>, aria condizionata e balcone. Abbiamo la <strong>nostra piscina</strong> e un ampio parcheggio chiuso.</p>

</div>




<div class="wp-block-column is-layout-flow wp-container-core-column-is-layout-e3d1c41b wp-block-column-is-layout-flow">

<h3 class="wp-block-heading has-text-align-left is-style-asterisk has-body-font-family has-medium-font-size" style="font-style: normal; font-weight: 600;">Chi siamo noi</h3>




<p class="has-text-align-left">Anke e Patick da Paesi Bassi. Viviamo qui ormai da un po&#8217;. Per i nostri suggerimenti, fai clic qui per un&#8217;impressione.</p>

</div>

</div>

</div>



<div class="wp-block-group alignfull has-global-padding is-layout-constrained wp-container-core-group-is-layout-d89aad35 wp-block-group-is-layout-constrained" style="margin-top: 0; margin-bottom: 0; padding: var(--wp--preset--spacing--50);">

<div class="wp-block-group alignwide has-global-padding is-layout-constrained wp-container-core-group-is-layout-19e250f3 wp-block-group-is-layout-constrained">

<div class="wp-block-group is-vertical is-content-justification-center is-layout-flex wp-container-core-group-is-layout-6329a8f3 wp-block-group-is-layout-flex">

<h2 class="wp-block-heading has-text-align-center is-style-asterisk">Vivrai una vacanza con noi.</h2>




<p class="has-text-align-center">Con noi ti sentirai a casa lontano dalla tua casa familiare. Faremo tutto il possibile per rendere il vostro soggiorno il più piacevole e senza preoccupazioni possibile. Vieni e sperimentalo tu stesso.</p>

</div>




<div class="wp-block-spacer" style="height: var(--wp--preset--spacing--40);" aria-hidden="true"> </div>




<div class="wp-block-columns alignwide is-layout-flex wp-container-core-columns-is-layout-d1c656ed wp-block-columns-is-layout-flex">

<div class="wp-block-column is-vertically-aligned-center is-layout-flow wp-block-column-is-layout-flow" style="flex-basis: 40%;">

<h3 class="wp-block-heading is-style-asterisk">Vacanza in Puglia</h3>




<ul class="wp-block-list is-style-checkmark-list" style="line-height: 1.75;">

<li>Buon clima</li>




<li>Bella camera con bagno privato</li>




<li>Colazione deliziosa, ospitale</li>

</ul>

</div>




<div class="wp-block-column is-layout-flow wp-block-column-is-layout-flow" style="flex-basis: 50%;">

<figure class="wp-block-image size-large is-style-rounded is-style-rounded--2"><img decoding="async" src="https://villalecce.it/wp-content/uploads/2025/03/Zwembad-achter-ligbedjes-300x225.jpg" alt="" /></figure>

</div>

</div>




<div class="wp-block-spacer" style="height: var(--wp--preset--spacing--40);" aria-hidden="true"> </div>




<div class="wp-block-columns alignwide is-layout-flex wp-container-core-columns-is-layout-d1c656ed wp-block-columns-is-layout-flex">

<div class="wp-block-column is-layout-flow wp-block-column-is-layout-flow" style="flex-basis: 50%;">

<iframe loading="lazy" style="border: 0;" src="https://www.google.com/maps/embed?pb=!1m18!1m12!1m3!1d3040.965877001723!2d18.13805293968179!3d40.34310296426602!2m3!1f0!2f0!3f0!3m2!1i1024!2i768!4f13.1!3m3!1m2!1s0x134428cd6f5f23ab%3A0xea89b926b7555a06!2sVia%20Villa%20Bellavista%2C%204%2C%2073100%20Lecce%20LE!5e0!3m2!1snl!2sit!4v1733500536527!5m2!1snl!2sit" width="300" height="225" allowfullscreen="allowfullscreen"></iframe>

</div>




<div class="wp-block-column is-vertically-aligned-center is-layout-flow wp-block-column-is-layout-flow" style="flex-basis: 40%;">

<h3 class="wp-block-heading is-style-asterisk">Dove puoi trovarci?</h3>




<ul class="wp-block-list is-style-checkmark-list" style="line-height: 1.75;">

<li>Lecce (LE), Salento, Puglia</li>




<li>Indirizzo: Via Villa Bellavista 4, Lecce</li>




<li>Villa Lecce</li>

</ul>

</div>

</div>

</div>

</div>



<div class="wp-block-group alignfull has-base-color has-contrast-background-color has-text-color has-background has-global-padding is-layout-constrained wp-container-core-group-is-layout-ef3d885c wp-block-group-is-layout-constrained" style="margin-top: 0; margin-bottom: 0; padding: var(--wp--preset--spacing--60);">

<div class="wp-block-group has-global-padding is-layout-constrained wp-block-group-is-layout-constrained">

<p class="has-text-align-center has-base-color has-text-color has-heading-font-family has-x-large-font-size" style="line-height: 1.2;"><em>“Una splendida vacanza ricca di cultura e storia alternata ad una giornata di mare. Super ospitali, anche l&#8217;anno prossimo&#8221;</em></p>




<div class="wp-block-spacer" style="height: var(--wp--preset--spacing--10);" aria-hidden="true"> </div>




<div class="wp-block-group is-vertical is-content-justification-center is-nowrap is-layout-flex wp-container-core-group-is-layout-2dc08cea wp-block-group-is-layout-flex">

<figure class="wp-block-image aligncenter size-full is-resized has-custom-border"><img loading="lazy" decoding="async" width="150" height="150" class="wp-image-91" style="border-radius: 100px; aspect-ratio: 1; object-fit: cover; width: 60px;" src="https://villalecce.it/wp-content/uploads/2025/03/Puglia-Pumo-150x150-1.png" alt="" /></figure>




<p class="has-text-align-center" style="margin-top: var(--wp--preset--spacing--10); margin-bottom: 0;">Pumo</p>




<p class="has-text-align-center has-contrast-3-color has-text-color has-small-font-size" style="font-style: normal; font-weight: 300;">Per la prosperità e la felicità</p>

</div>

</div>

</div>

<p>Benvenuto nel nostro Bed &amp; Breakfast Villa Lecce nel centro della Puglia. Non per niente la Puglia è la vacanza ideale! Il nostre B &amp; B si trova alla periferia della città di Lecce, famosa per il suo Barocco. Lecce è una bellissima città in una regione fantastica. Circondato dai mari Adriatico e Ionio, clima [&hellip;]</p>
